{"id":144236,"date":"2020-05-25T14:38:17","date_gmt":"2020-05-25T12:38:17","guid":{"rendered":"https:\/\/robertaebasta.com\/?post_type=works&#038;p=144236"},"modified":"2020-06-25T12:02:09","modified_gmt":"2020-06-25T10:02:09","slug":"villa-a-majorca","status":"publish","type":"works","link":"https:\/\/robertaebasta.com\/fr\/works\/villa-a-majorca\/","title":{"rendered":"VILLA \u00c0 MAJORQUE"},"content":{"rendered":"<p class=\"p1\" style=\"text-align: center;\">Pour cette villa de bord de mer \u00e0 Majorque, nous nous sommes occup\u00e9s de toute la conception de l\u2019int\u00e9rieur, du choix des mat\u00e9riaux \u00e0 la r\u00e9alisation de boiseries et de mobilier sur mesure, en passant par la fourniture de meubles et d\u2019objets d\u2019ameublement Art d\u00e9co.<\/p>\n","protected":false},"author":3,"featured_media":144237,"template":"","acf":[],"yoast_head":"<!-- This site is optimized with the Yoast SEO plugin v23.5 - https:\/\/yoast.com\/wordpress\/plugins\/seo\/ -->\n<title>VILLA \u00c0 MAJORQUE - Robertaebasta\u00ae Art Gallery<\/title>\n<meta name=\"description\" content=\"Pour cette villa de bord de mer \u00e0 Majorque, nous nous sommes occup\u00e9s de toute la conception de l\u2019int\u00e9rieur, du choix des mat\u00e9riaux \u00e0 la r\u00e9alisation de\" \/>\n<meta name=\"robots\" content=\"index, follow, max-snippet:-1, max-image-preview:large, max-video-preview:-1\" \/>\n<link rel=\"canonical\" href=\"https:\/\/robertaebasta.com\/fr\/works\/villa-a-majorca\/\" \/>\n<meta property=\"og:locale\" content=\"fr_FR\" \/>\n<meta property=\"og:type\" content=\"article\" \/>\n<meta property=\"og:title\" content=\"VILLA \u00c0 MAJORQUE - Robertaebasta\u00ae Art Gallery\" \/>\n<meta property=\"og:description\" content=\"Pour cette villa de bord de mer \u00e0 Majorque, nous nous sommes occup\u00e9s de toute la conception de l\u2019int\u00e9rieur, du choix des mat\u00e9riaux \u00e0 la r\u00e9alisation de\" \/>\n<meta property=\"og:url\" content=\"https:\/\/robertaebasta.com\/fr\/works\/villa-a-majorca\/\" \/>\n<meta property=\"og:site_name\" content=\"Robertaebasta\u00ae Art Gallery\" \/>\n<meta property=\"article:publisher\" content=\"https:\/\/www.facebook.com\/RobertaebastaMilano\/\" \/>\n<meta property=\"article:modified_time\" content=\"2020-06-25T10:02:09+00:00\" \/>\n<meta property=\"og:image\" content=\"https:\/\/robertaebasta.com\/wp-content\/uploads\/2020\/05\/00_image1_10_0.jpg\" \/>\n\t<meta property=\"og:image:width\" content=\"237\" \/>\n\t<meta property=\"og:image:height\" content=\"313\" \/>\n\t<meta property=\"og:image:type\" content=\"image\/jpeg\" \/>\n<meta name=\"twitter:card\" content=\"summary_large_image\" \/>\n<meta name=\"twitter:site\" content=\"@robertaebasta1\" \/>\n<!-- \/ Yoast SEO plugin. -->","yoast_head_json":{"title":"VILLA \u00c0 MAJORQUE - Robertaebasta\u00ae Art Gallery","description":"Pour cette villa de bord de mer \u00e0 Majorque, nous nous sommes occup\u00e9s de toute la conception de l\u2019int\u00e9rieur, du choix des mat\u00e9riaux \u00e0 la r\u00e9alisation de","robots":{"index":"index","follow":"follow","max-snippet":"max-snippet:-1","max-image-preview":"max-image-preview:large","max-video-preview":"max-video-preview:-1"},"canonical":"https:\/\/robertaebasta.com\/fr\/works\/villa-a-majorca\/","og_locale":"fr_FR","og_type":"article","og_title":"VILLA \u00c0 MAJORQUE - Robertaebasta\u00ae Art Gallery","og_description":"Pour cette villa de bord de mer \u00e0 Majorque, nous nous sommes occup\u00e9s de toute la conception de l\u2019int\u00e9rieur, du choix des mat\u00e9riaux \u00e0 la r\u00e9alisation de","og_url":"https:\/\/robertaebasta.com\/fr\/works\/villa-a-majorca\/","og_site_name":"Robertaebasta\u00ae Art Gallery","article_publisher":"https:\/\/www.facebook.com\/RobertaebastaMilano\/","article_modified_time":"2020-06-25T10:02:09+00:00","og_image":[{"width":237,"height":313,"url":"https:\/\/robertaebasta.com\/wp-content\/uploads\/2020\/05\/00_image1_10_0.jpg","type":"image\/jpeg"}],"twitter_card":"summary_large_image","twitter_site":"@robertaebasta1","schema":{"@context":"https:\/\/schema.org","@graph":[{"@type":"WebPage","@id":"https:\/\/robertaebasta.com\/fr\/works\/villa-a-majorca\/","url":"https:\/\/robertaebasta.com\/fr\/works\/villa-a-majorca\/","name":"VILLA \u00c0 MAJORQUE - Robertaebasta\u00ae Art Gallery","isPartOf":{"@id":"https:\/\/robertaebasta.com\/fr\/#website"},"primaryImageOfPage":{"@id":"https:\/\/robertaebasta.com\/fr\/works\/villa-a-majorca\/#primaryimage"},"image":{"@id":"https:\/\/robertaebasta.com\/fr\/works\/villa-a-majorca\/#primaryimage"},"thumbnailUrl":"https:\/\/robertaebasta.com\/wp-content\/uploads\/2020\/05\/00_image1_10_0.jpg","datePublished":"2020-05-25T12:38:17+00:00","dateModified":"2020-06-25T10:02:09+00:00","description":"Pour cette villa de bord de mer \u00e0 Majorque, nous nous sommes occup\u00e9s de toute la conception de l\u2019int\u00e9rieur, du choix des mat\u00e9riaux \u00e0 la r\u00e9alisation de","breadcrumb":{"@id":"https:\/\/robertaebasta.com\/fr\/works\/villa-a-majorca\/#breadcrumb"},"inLanguage":"fr-FR","potentialAction":[{"@type":"ReadAction","target":["https:\/\/robertaebasta.com\/fr\/works\/villa-a-majorca\/"]}]},{"@type":"ImageObject","inLanguage":"fr-FR","@id":"https:\/\/robertaebasta.com\/fr\/works\/villa-a-majorca\/#primaryimage","url":"https:\/\/robertaebasta.com\/wp-content\/uploads\/2020\/05\/00_image1_10_0.jpg","contentUrl":"https:\/\/robertaebasta.com\/wp-content\/uploads\/2020\/05\/00_image1_10_0.jpg","width":237,"height":313},{"@type":"BreadcrumbList","@id":"https:\/\/robertaebasta.com\/fr\/works\/villa-a-majorca\/#breadcrumb","itemListElement":[{"@type":"ListItem","position":1,"name":"Home","item":"https:\/\/robertaebasta.com\/fr\/"},{"@type":"ListItem","position":2,"name":"VILLA \u00c0 MAJORQUE"}]},{"@type":"WebSite","@id":"https:\/\/robertaebasta.com\/fr\/#website","url":"https:\/\/robertaebasta.com\/fr\/","name":"Robertaebasta\u00ae Art Gallery","description":"Galleria Antiquaria Milano: art deco, modernariato e stile vintage","publisher":{"@id":"https:\/\/robertaebasta.com\/fr\/#organization"},"potentialAction":[{"@type":"SearchAction","target":{"@type":"EntryPoint","urlTemplate":"https:\/\/robertaebasta.com\/fr\/?s={search_term_string}"},"query-input":{"@type":"PropertyValueSpecification","valueRequired":true,"valueName":"search_term_string"}}],"inLanguage":"fr-FR"},{"@type":"Organization","@id":"https:\/\/robertaebasta.com\/fr\/#organization","name":"Robertaebasta\u00ae","url":"https:\/\/robertaebasta.com\/fr\/","logo":{"@type":"ImageObject","inLanguage":"fr-FR","@id":"https:\/\/robertaebasta.com\/fr\/#\/schema\/logo\/image\/","url":"https:\/\/robertaebasta.com\/wp-content\/uploads\/2020\/03\/logo_oro.png","contentUrl":"https:\/\/robertaebasta.com\/wp-content\/uploads\/2020\/03\/logo_oro.png","width":991,"height":180,"caption":"Robertaebasta\u00ae"},"image":{"@id":"https:\/\/robertaebasta.com\/fr\/#\/schema\/logo\/image\/"},"sameAs":["https:\/\/www.facebook.com\/RobertaebastaMilano\/","https:\/\/x.com\/robertaebasta1","https:\/\/www.instagram.com\/galleria_robertaebasta\/","https:\/\/www.linkedin.com\/company\/robertaebasta\/","https:\/\/www.pinterest.it\/robertaebastaartgallery\/","https:\/\/www.youtube.com\/channel\/UC4l_1jBxbO1I18UQKcImUsw"]}]}},"_links":{"self":[{"href":"https:\/\/robertaebasta.com\/fr\/wp-json\/wp\/v2\/works\/144236"}],"collection":[{"href":"https:\/\/robertaebasta.com\/fr\/wp-json\/wp\/v2\/works"}],"about":[{"href":"https:\/\/robertaebasta.com\/fr\/wp-json\/wp\/v2\/types\/works"}],"author":[{"embeddable":true,"href":"https:\/\/robertaebasta.com\/fr\/wp-json\/wp\/v2\/users\/3"}],"version-history":[{"count":0,"href":"https:\/\/robertaebasta.com\/fr\/wp-json\/wp\/v2\/works\/144236\/revisions"}],"wp:featuredmedia":[{"embeddable":true,"href":"https:\/\/robertaebasta.com\/fr\/wp-json\/wp\/v2\/media\/144237"}],"wp:attachment":[{"href":"https:\/\/robertaebasta.com\/fr\/wp-json\/wp\/v2\/media?parent=144236"}],"curies":[{"name":"wp","href":"https:\/\/api.w.org\/{rel}","templated":true}]}}

VILLA À MAJORQUE

<p class="p1" style="text-align: center;">Pour cette villa de bord de mer à Majorque, nous nous sommes occupés de toute la conception de l’intérieur, du choix des matériaux à la réalisation de boiseries et de mobilier sur mesure, en passant par la fourniture de meubles et d’objets d’ameublement Art déco.</p>

<!-- This site is optimized with the Yoast SEO plugin v23.5 - https://yoast.com/wordpress/plugins/seo/ -->
<title>VILLA À MAJORQUE - Robertaebasta® Art Gallery</title>
<meta name="description" content="Pour cette villa de bord de mer à Majorque, nous nous sommes occupés de toute la conception de l’intérieur, du choix des matériaux à la réalisation de" />
<meta name="robots" content="index, follow, max-snippet:-1, max-image-preview:large, max-video-preview:-1" />
<link rel="canonical" href="https://robertaebasta.com/fr/works/villa-a-majorca/" />
<meta property="og:locale" content="fr_FR" />
<meta property="og:type" content="article" />
<meta property="og:title" content="VILLA À MAJORQUE - Robertaebasta® Art Gallery" />
<meta property="og:description" content="Pour cette villa de bord de mer à Majorque, nous nous sommes occupés de toute la conception de l’intérieur, du choix des matériaux à la réalisation de" />
<meta property="og:url" content="https://robertaebasta.com/fr/works/villa-a-majorca/" />
<meta property="og:site_name" content="Robertaebasta® Art Gallery" />
<meta property="article:publisher" content="https://www.facebook.com/RobertaebastaMilano/" />
<meta property="article:modified_time" content="2020-06-25T10:02:09+00:00" />
<meta property="og:image" content="https://robertaebasta.com/wp-content/uploads/2020/05/00_image1_10_0.jpg" />
	<meta property="og:image:width" content="237" />
	<meta property="og:image:height" content="313" />
	<meta property="og:image:type" content="image/jpeg" />
<meta name="twitter:card" content="summary_large_image" />
<meta name="twitter:site" content="@robertaebasta1" />
<!-- / Yoast SEO plugin. -->

VILLA À MAJORQUE - Robertaebasta® Art Gallery

Pour cette villa de bord de mer à Majorque, nous nous sommes occupés de toute la conception de l’intérieur, du choix des matériaux à la réalisation de
