{"id":144528,"date":"2020-05-25T14:59:37","date_gmt":"2020-05-25T12:59:37","guid":{"rendered":"https:\/\/robertaebasta.com\/?post_type=works&#038;p=144528"},"modified":"2020-05-25T14:59:37","modified_gmt":"2020-05-25T12:59:37","slug":"le-style-liberty-revisite","status":"publish","type":"works","link":"https:\/\/robertaebasta.com\/fr\/works\/le-style-liberty-revisite\/","title":{"rendered":"LE STYLE LIBERTY REVISIT\u00c9"},"content":{"rendered":"<p style=\"text-align: center;\">Situ\u00e9e dans les Marches, cette splendide villa du d\u00e9but du XXe si\u00e8cle a \u00e9t\u00e9 restaur\u00e9e avec raffinement et \u00e9l\u00e9gance. Elle se distingue par ses meubles, objets et peintures Art d\u00e9co imposants, mais surtout par quelques objets de design surprenants, parmi lesquels un meuble original en bois dor\u00e9 avec miroir, dessin\u00e9 et r\u00e9alis\u00e9 par nos soins selon les indications pr\u00e9cises de la propri\u00e9taire.<\/p>\n","protected":false},"author":3,"featured_media":144529,"template":"","acf":[],"yoast_head":"<!-- This site is optimized with the Yoast SEO plugin v23.5 - https:\/\/yoast.com\/wordpress\/plugins\/seo\/ -->\n<title>LE STYLE LIBERTY REVISIT\u00c9 - Robertaebasta\u00ae Art Gallery<\/title>\n<meta name=\"description\" content=\"Situ\u00e9e dans les Marches, cette splendide villa du d\u00e9but du XXe si\u00e8cle a \u00e9t\u00e9 restaur\u00e9e avec raffinement et \u00e9l\u00e9gance. Elle se distingue par ses meubles,\" \/>\n<meta name=\"robots\" content=\"index, follow, max-snippet:-1, max-image-preview:large, max-video-preview:-1\" \/>\n<link rel=\"canonical\" href=\"https:\/\/robertaebasta.com\/fr\/works\/le-style-liberty-revisite\/\" \/>\n<meta property=\"og:locale\" content=\"fr_FR\" \/>\n<meta property=\"og:type\" content=\"article\" \/>\n<meta property=\"og:title\" content=\"LE STYLE LIBERTY REVISIT\u00c9 - Robertaebasta\u00ae Art Gallery\" \/>\n<meta property=\"og:description\" content=\"Situ\u00e9e dans les Marches, cette splendide villa du d\u00e9but du XXe si\u00e8cle a \u00e9t\u00e9 restaur\u00e9e avec raffinement et \u00e9l\u00e9gance. Elle se distingue par ses meubles,\" \/>\n<meta property=\"og:url\" content=\"https:\/\/robertaebasta.com\/fr\/works\/le-style-liberty-revisite\/\" \/>\n<meta property=\"og:site_name\" content=\"Robertaebasta\u00ae Art Gallery\" \/>\n<meta property=\"article:publisher\" content=\"https:\/\/www.facebook.com\/RobertaebastaMilano\/\" \/>\n<meta property=\"og:image\" content=\"https:\/\/robertaebasta.com\/wp-content\/uploads\/2020\/05\/00_image1_91_0.jpg\" \/>\n\t<meta property=\"og:image:width\" content=\"237\" \/>\n\t<meta property=\"og:image:height\" content=\"313\" \/>\n\t<meta property=\"og:image:type\" content=\"image\/jpeg\" \/>\n<meta name=\"twitter:card\" content=\"summary_large_image\" \/>\n<meta name=\"twitter:site\" content=\"@robertaebasta1\" \/>\n<!-- \/ Yoast SEO plugin. -->","yoast_head_json":{"title":"LE STYLE LIBERTY REVISIT\u00c9 - Robertaebasta\u00ae Art Gallery","description":"Situ\u00e9e dans les Marches, cette splendide villa du d\u00e9but du XXe si\u00e8cle a \u00e9t\u00e9 restaur\u00e9e avec raffinement et \u00e9l\u00e9gance. Elle se distingue par ses meubles,","robots":{"index":"index","follow":"follow","max-snippet":"max-snippet:-1","max-image-preview":"max-image-preview:large","max-video-preview":"max-video-preview:-1"},"canonical":"https:\/\/robertaebasta.com\/fr\/works\/le-style-liberty-revisite\/","og_locale":"fr_FR","og_type":"article","og_title":"LE STYLE LIBERTY REVISIT\u00c9 - Robertaebasta\u00ae Art Gallery","og_description":"Situ\u00e9e dans les Marches, cette splendide villa du d\u00e9but du XXe si\u00e8cle a \u00e9t\u00e9 restaur\u00e9e avec raffinement et \u00e9l\u00e9gance. Elle se distingue par ses meubles,","og_url":"https:\/\/robertaebasta.com\/fr\/works\/le-style-liberty-revisite\/","og_site_name":"Robertaebasta\u00ae Art Gallery","article_publisher":"https:\/\/www.facebook.com\/RobertaebastaMilano\/","og_image":[{"width":237,"height":313,"url":"https:\/\/robertaebasta.com\/wp-content\/uploads\/2020\/05\/00_image1_91_0.jpg","type":"image\/jpeg"}],"twitter_card":"summary_large_image","twitter_site":"@robertaebasta1","schema":{"@context":"https:\/\/schema.org","@graph":[{"@type":"WebPage","@id":"https:\/\/robertaebasta.com\/fr\/works\/le-style-liberty-revisite\/","url":"https:\/\/robertaebasta.com\/fr\/works\/le-style-liberty-revisite\/","name":"LE STYLE LIBERTY REVISIT\u00c9 - Robertaebasta\u00ae Art Gallery","isPartOf":{"@id":"https:\/\/robertaebasta.com\/fr\/#website"},"primaryImageOfPage":{"@id":"https:\/\/robertaebasta.com\/fr\/works\/le-style-liberty-revisite\/#primaryimage"},"image":{"@id":"https:\/\/robertaebasta.com\/fr\/works\/le-style-liberty-revisite\/#primaryimage"},"thumbnailUrl":"https:\/\/robertaebasta.com\/wp-content\/uploads\/2020\/05\/00_image1_91_0.jpg","datePublished":"2020-05-25T12:59:37+00:00","dateModified":"2020-05-25T12:59:37+00:00","description":"Situ\u00e9e dans les Marches, cette splendide villa du d\u00e9but du XXe si\u00e8cle a \u00e9t\u00e9 restaur\u00e9e avec raffinement et \u00e9l\u00e9gance. Elle se distingue par ses meubles,","breadcrumb":{"@id":"https:\/\/robertaebasta.com\/fr\/works\/le-style-liberty-revisite\/#breadcrumb"},"inLanguage":"fr-FR","potentialAction":[{"@type":"ReadAction","target":["https:\/\/robertaebasta.com\/fr\/works\/le-style-liberty-revisite\/"]}]},{"@type":"ImageObject","inLanguage":"fr-FR","@id":"https:\/\/robertaebasta.com\/fr\/works\/le-style-liberty-revisite\/#primaryimage","url":"https:\/\/robertaebasta.com\/wp-content\/uploads\/2020\/05\/00_image1_91_0.jpg","contentUrl":"https:\/\/robertaebasta.com\/wp-content\/uploads\/2020\/05\/00_image1_91_0.jpg","width":237,"height":313},{"@type":"BreadcrumbList","@id":"https:\/\/robertaebasta.com\/fr\/works\/le-style-liberty-revisite\/#breadcrumb","itemListElement":[{"@type":"ListItem","position":1,"name":"Home","item":"https:\/\/robertaebasta.com\/fr\/"},{"@type":"ListItem","position":2,"name":"LE STYLE LIBERTY REVISIT\u00c9"}]},{"@type":"WebSite","@id":"https:\/\/robertaebasta.com\/fr\/#website","url":"https:\/\/robertaebasta.com\/fr\/","name":"Robertaebasta\u00ae Art Gallery","description":"Galleria Antiquaria Milano: art deco, modernariato e stile vintage","publisher":{"@id":"https:\/\/robertaebasta.com\/fr\/#organization"},"potentialAction":[{"@type":"SearchAction","target":{"@type":"EntryPoint","urlTemplate":"https:\/\/robertaebasta.com\/fr\/?s={search_term_string}"},"query-input":{"@type":"PropertyValueSpecification","valueRequired":true,"valueName":"search_term_string"}}],"inLanguage":"fr-FR"},{"@type":"Organization","@id":"https:\/\/robertaebasta.com\/fr\/#organization","name":"Robertaebasta\u00ae","url":"https:\/\/robertaebasta.com\/fr\/","logo":{"@type":"ImageObject","inLanguage":"fr-FR","@id":"https:\/\/robertaebasta.com\/fr\/#\/schema\/logo\/image\/","url":"https:\/\/robertaebasta.com\/wp-content\/uploads\/2020\/03\/logo_oro.png","contentUrl":"https:\/\/robertaebasta.com\/wp-content\/uploads\/2020\/03\/logo_oro.png","width":991,"height":180,"caption":"Robertaebasta\u00ae"},"image":{"@id":"https:\/\/robertaebasta.com\/fr\/#\/schema\/logo\/image\/"},"sameAs":["https:\/\/www.facebook.com\/RobertaebastaMilano\/","https:\/\/x.com\/robertaebasta1","https:\/\/www.instagram.com\/galleria_robertaebasta\/","https:\/\/www.linkedin.com\/company\/robertaebasta\/","https:\/\/www.pinterest.it\/robertaebastaartgallery\/","https:\/\/www.youtube.com\/channel\/UC4l_1jBxbO1I18UQKcImUsw"]}]}},"_links":{"self":[{"href":"https:\/\/robertaebasta.com\/fr\/wp-json\/wp\/v2\/works\/144528"}],"collection":[{"href":"https:\/\/robertaebasta.com\/fr\/wp-json\/wp\/v2\/works"}],"about":[{"href":"https:\/\/robertaebasta.com\/fr\/wp-json\/wp\/v2\/types\/works"}],"author":[{"embeddable":true,"href":"https:\/\/robertaebasta.com\/fr\/wp-json\/wp\/v2\/users\/3"}],"version-history":[{"count":0,"href":"https:\/\/robertaebasta.com\/fr\/wp-json\/wp\/v2\/works\/144528\/revisions"}],"wp:featuredmedia":[{"embeddable":true,"href":"https:\/\/robertaebasta.com\/fr\/wp-json\/wp\/v2\/media\/144529"}],"wp:attachment":[{"href":"https:\/\/robertaebasta.com\/fr\/wp-json\/wp\/v2\/media?parent=144528"}],"curies":[{"name":"wp","href":"https:\/\/api.w.org\/{rel}","templated":true}]}}

LE STYLE LIBERTY REVISITÉ

<p style="text-align: center;">Située dans les Marches, cette splendide villa du début du XXe siècle a été restaurée avec raffinement et élégance. Elle se distingue par ses meubles, objets et peintures Art déco imposants, mais surtout par quelques objets de design surprenants, parmi lesquels un meuble original en bois doré avec miroir, dessiné et réalisé par nos soins selon les indications précises de la propriétaire.</p>

<!-- This site is optimized with the Yoast SEO plugin v23.5 - https://yoast.com/wordpress/plugins/seo/ -->
<title>LE STYLE LIBERTY REVISITÉ - Robertaebasta® Art Gallery</title>
<meta name="description" content="Située dans les Marches, cette splendide villa du début du XXe siècle a été restaurée avec raffinement et élégance. Elle se distingue par ses meubles," />
<meta name="robots" content="index, follow, max-snippet:-1, max-image-preview:large, max-video-preview:-1" />
<link rel="canonical" href="https://robertaebasta.com/fr/works/le-style-liberty-revisite/" />
<meta property="og:locale" content="fr_FR" />
<meta property="og:type" content="article" />
<meta property="og:title" content="LE STYLE LIBERTY REVISITÉ - Robertaebasta® Art Gallery" />
<meta property="og:description" content="Située dans les Marches, cette splendide villa du début du XXe siècle a été restaurée avec raffinement et élégance. Elle se distingue par ses meubles," />
<meta property="og:url" content="https://robertaebasta.com/fr/works/le-style-liberty-revisite/" />
<meta property="og:site_name" content="Robertaebasta® Art Gallery" />
<meta property="article:publisher" content="https://www.facebook.com/RobertaebastaMilano/" />
<meta property="og:image" content="https://robertaebasta.com/wp-content/uploads/2020/05/00_image1_91_0.jpg" />
	<meta property="og:image:width" content="237" />
	<meta property="og:image:height" content="313" />
	<meta property="og:image:type" content="image/jpeg" />
<meta name="twitter:card" content="summary_large_image" />
<meta name="twitter:site" content="@robertaebasta1" />
<!-- / Yoast SEO plugin. -->

LE STYLE LIBERTY REVISITÉ - Robertaebasta® Art Gallery

Située dans les Marches, cette splendide villa du début du XXe siècle a été restaurée avec raffinement et élégance. Elle se distingue par ses meubles,
