{"id":144699,"date":"2020-05-25T15:08:59","date_gmt":"2020-05-25T13:08:59","guid":{"rendered":"https:\/\/robertaebasta.com\/?post_type=works&#038;p=144699"},"modified":"2020-05-25T15:08:59","modified_gmt":"2020-05-25T13:08:59","slug":"milan-ville-du-design","status":"publish","type":"works","link":"https:\/\/robertaebasta.com\/fr\/works\/milan-ville-du-design\/","title":{"rendered":"MILAN VILLE DU DESIGN"},"content":{"rendered":"<p style=\"text-align: center;\">Cet appartement-terrasse spacieux au c\u0153ur de Milan se caract\u00e9rise par ses \u00e9l\u00e9ments savamment pens\u00e9s. Couleurs vives associ\u00e9es \u00e0 des teintes douces, mariage recherch\u00e9 de meubles et d\u2019objets design et Art d\u00e9co, \u0153uvres d\u2019art dispos\u00e9es avec soin\u00a0lui conf\u00e8rent tout son caract\u00e8re.<\/p>\n","protected":false},"author":3,"featured_media":144703,"template":"","acf":[],"yoast_head":"<!-- This site is optimized with the Yoast SEO plugin v23.5 - https:\/\/yoast.com\/wordpress\/plugins\/seo\/ -->\n<title>MILAN VILLE DU DESIGN - Robertaebasta\u00ae Art Gallery<\/title>\n<meta name=\"description\" content=\"Cet appartement-terrasse spacieux au c\u0153ur de Milan se caract\u00e9rise par ses \u00e9l\u00e9ments savamment pens\u00e9s. Couleurs vives associ\u00e9es \u00e0 des teintes douces,\" \/>\n<meta name=\"robots\" content=\"index, follow, max-snippet:-1, max-image-preview:large, max-video-preview:-1\" \/>\n<link rel=\"canonical\" href=\"https:\/\/robertaebasta.com\/fr\/works\/milan-ville-du-design\/\" \/>\n<meta property=\"og:locale\" content=\"fr_FR\" \/>\n<meta property=\"og:type\" content=\"article\" \/>\n<meta property=\"og:title\" content=\"MILAN VILLE DU DESIGN - Robertaebasta\u00ae Art Gallery\" \/>\n<meta property=\"og:description\" content=\"Cet appartement-terrasse spacieux au c\u0153ur de Milan se caract\u00e9rise par ses \u00e9l\u00e9ments savamment pens\u00e9s. Couleurs vives associ\u00e9es \u00e0 des teintes douces,\" \/>\n<meta property=\"og:url\" content=\"https:\/\/robertaebasta.com\/fr\/works\/milan-ville-du-design\/\" \/>\n<meta property=\"og:site_name\" content=\"Robertaebasta\u00ae Art Gallery\" \/>\n<meta property=\"article:publisher\" content=\"https:\/\/www.facebook.com\/RobertaebastaMilano\/\" \/>\n<meta property=\"og:image\" content=\"https:\/\/robertaebasta.com\/wp-content\/uploads\/2020\/05\/00_01_30_0.jpg\" \/>\n\t<meta property=\"og:image:width\" content=\"237\" \/>\n\t<meta property=\"og:image:height\" content=\"313\" \/>\n\t<meta property=\"og:image:type\" content=\"image\/jpeg\" \/>\n<meta name=\"twitter:card\" content=\"summary_large_image\" \/>\n<meta name=\"twitter:site\" content=\"@robertaebasta1\" \/>\n<!-- \/ Yoast SEO plugin. -->","yoast_head_json":{"title":"MILAN VILLE DU DESIGN - Robertaebasta\u00ae Art Gallery","description":"Cet appartement-terrasse spacieux au c\u0153ur de Milan se caract\u00e9rise par ses \u00e9l\u00e9ments savamment pens\u00e9s. Couleurs vives associ\u00e9es \u00e0 des teintes douces,","robots":{"index":"index","follow":"follow","max-snippet":"max-snippet:-1","max-image-preview":"max-image-preview:large","max-video-preview":"max-video-preview:-1"},"canonical":"https:\/\/robertaebasta.com\/fr\/works\/milan-ville-du-design\/","og_locale":"fr_FR","og_type":"article","og_title":"MILAN VILLE DU DESIGN - Robertaebasta\u00ae Art Gallery","og_description":"Cet appartement-terrasse spacieux au c\u0153ur de Milan se caract\u00e9rise par ses \u00e9l\u00e9ments savamment pens\u00e9s. Couleurs vives associ\u00e9es \u00e0 des teintes douces,","og_url":"https:\/\/robertaebasta.com\/fr\/works\/milan-ville-du-design\/","og_site_name":"Robertaebasta\u00ae Art Gallery","article_publisher":"https:\/\/www.facebook.com\/RobertaebastaMilano\/","og_image":[{"width":237,"height":313,"url":"https:\/\/robertaebasta.com\/wp-content\/uploads\/2020\/05\/00_01_30_0.jpg","type":"image\/jpeg"}],"twitter_card":"summary_large_image","twitter_site":"@robertaebasta1","schema":{"@context":"https:\/\/schema.org","@graph":[{"@type":"WebPage","@id":"https:\/\/robertaebasta.com\/fr\/works\/milan-ville-du-design\/","url":"https:\/\/robertaebasta.com\/fr\/works\/milan-ville-du-design\/","name":"MILAN VILLE DU DESIGN - Robertaebasta\u00ae Art Gallery","isPartOf":{"@id":"https:\/\/robertaebasta.com\/fr\/#website"},"primaryImageOfPage":{"@id":"https:\/\/robertaebasta.com\/fr\/works\/milan-ville-du-design\/#primaryimage"},"image":{"@id":"https:\/\/robertaebasta.com\/fr\/works\/milan-ville-du-design\/#primaryimage"},"thumbnailUrl":"https:\/\/robertaebasta.com\/wp-content\/uploads\/2020\/05\/00_01_30_0.jpg","datePublished":"2020-05-25T13:08:59+00:00","dateModified":"2020-05-25T13:08:59+00:00","description":"Cet appartement-terrasse spacieux au c\u0153ur de Milan se caract\u00e9rise par ses \u00e9l\u00e9ments savamment pens\u00e9s. Couleurs vives associ\u00e9es \u00e0 des teintes douces,","breadcrumb":{"@id":"https:\/\/robertaebasta.com\/fr\/works\/milan-ville-du-design\/#breadcrumb"},"inLanguage":"fr-FR","potentialAction":[{"@type":"ReadAction","target":["https:\/\/robertaebasta.com\/fr\/works\/milan-ville-du-design\/"]}]},{"@type":"ImageObject","inLanguage":"fr-FR","@id":"https:\/\/robertaebasta.com\/fr\/works\/milan-ville-du-design\/#primaryimage","url":"https:\/\/robertaebasta.com\/wp-content\/uploads\/2020\/05\/00_01_30_0.jpg","contentUrl":"https:\/\/robertaebasta.com\/wp-content\/uploads\/2020\/05\/00_01_30_0.jpg","width":237,"height":313},{"@type":"BreadcrumbList","@id":"https:\/\/robertaebasta.com\/fr\/works\/milan-ville-du-design\/#breadcrumb","itemListElement":[{"@type":"ListItem","position":1,"name":"Home","item":"https:\/\/robertaebasta.com\/fr\/"},{"@type":"ListItem","position":2,"name":"MILAN VILLE DU DESIGN"}]},{"@type":"WebSite","@id":"https:\/\/robertaebasta.com\/fr\/#website","url":"https:\/\/robertaebasta.com\/fr\/","name":"Robertaebasta\u00ae Art Gallery","description":"Galleria Antiquaria Milano: art deco, modernariato e stile vintage","publisher":{"@id":"https:\/\/robertaebasta.com\/fr\/#organization"},"potentialAction":[{"@type":"SearchAction","target":{"@type":"EntryPoint","urlTemplate":"https:\/\/robertaebasta.com\/fr\/?s={search_term_string}"},"query-input":{"@type":"PropertyValueSpecification","valueRequired":true,"valueName":"search_term_string"}}],"inLanguage":"fr-FR"},{"@type":"Organization","@id":"https:\/\/robertaebasta.com\/fr\/#organization","name":"Robertaebasta\u00ae","url":"https:\/\/robertaebasta.com\/fr\/","logo":{"@type":"ImageObject","inLanguage":"fr-FR","@id":"https:\/\/robertaebasta.com\/fr\/#\/schema\/logo\/image\/","url":"https:\/\/robertaebasta.com\/wp-content\/uploads\/2020\/03\/logo_oro.png","contentUrl":"https:\/\/robertaebasta.com\/wp-content\/uploads\/2020\/03\/logo_oro.png","width":991,"height":180,"caption":"Robertaebasta\u00ae"},"image":{"@id":"https:\/\/robertaebasta.com\/fr\/#\/schema\/logo\/image\/"},"sameAs":["https:\/\/www.facebook.com\/RobertaebastaMilano\/","https:\/\/x.com\/robertaebasta1","https:\/\/www.instagram.com\/galleria_robertaebasta\/","https:\/\/www.linkedin.com\/company\/robertaebasta\/","https:\/\/www.pinterest.it\/robertaebastaartgallery\/","https:\/\/www.youtube.com\/channel\/UC4l_1jBxbO1I18UQKcImUsw"]}]}},"_links":{"self":[{"href":"https:\/\/robertaebasta.com\/fr\/wp-json\/wp\/v2\/works\/144699"}],"collection":[{"href":"https:\/\/robertaebasta.com\/fr\/wp-json\/wp\/v2\/works"}],"about":[{"href":"https:\/\/robertaebasta.com\/fr\/wp-json\/wp\/v2\/types\/works"}],"author":[{"embeddable":true,"href":"https:\/\/robertaebasta.com\/fr\/wp-json\/wp\/v2\/users\/3"}],"version-history":[{"count":0,"href":"https:\/\/robertaebasta.com\/fr\/wp-json\/wp\/v2\/works\/144699\/revisions"}],"wp:featuredmedia":[{"embeddable":true,"href":"https:\/\/robertaebasta.com\/fr\/wp-json\/wp\/v2\/media\/144703"}],"wp:attachment":[{"href":"https:\/\/robertaebasta.com\/fr\/wp-json\/wp\/v2\/media?parent=144699"}],"curies":[{"name":"wp","href":"https:\/\/api.w.org\/{rel}","templated":true}]}}

<p style="text-align: center;">Cet appartement-terrasse spacieux au cœur de Milan se caractérise par ses éléments savamment pensés. Couleurs vives associées à des teintes douces, mariage recherché de meubles et d’objets design et Art déco, œuvres d’art disposées avec soin lui confèrent tout son caractère.</p>

<!-- This site is optimized with the Yoast SEO plugin v23.5 - https://yoast.com/wordpress/plugins/seo/ -->
<title>MILAN VILLE DU DESIGN - Robertaebasta® Art Gallery</title>
<meta name="description" content="Cet appartement-terrasse spacieux au cœur de Milan se caractérise par ses éléments savamment pensés. Couleurs vives associées à des teintes douces," />
<meta name="robots" content="index, follow, max-snippet:-1, max-image-preview:large, max-video-preview:-1" />
<link rel="canonical" href="https://robertaebasta.com/fr/works/milan-ville-du-design/" />
<meta property="og:locale" content="fr_FR" />
<meta property="og:type" content="article" />
<meta property="og:title" content="MILAN VILLE DU DESIGN - Robertaebasta® Art Gallery" />
<meta property="og:description" content="Cet appartement-terrasse spacieux au cœur de Milan se caractérise par ses éléments savamment pensés. Couleurs vives associées à des teintes douces," />
<meta property="og:url" content="https://robertaebasta.com/fr/works/milan-ville-du-design/" />
<meta property="og:site_name" content="Robertaebasta® Art Gallery" />
<meta property="article:publisher" content="https://www.facebook.com/RobertaebastaMilano/" />
<meta property="og:image" content="https://robertaebasta.com/wp-content/uploads/2020/05/00_01_30_0.jpg" />
	<meta property="og:image:width" content="237" />
	<meta property="og:image:height" content="313" />
	<meta property="og:image:type" content="image/jpeg" />
<meta name="twitter:card" content="summary_large_image" />
<meta name="twitter:site" content="@robertaebasta1" />
<!-- / Yoast SEO plugin. -->

Cet appartement-terrasse spacieux au cœur de Milan se caractérise par ses éléments savamment pensés. Couleurs vives associées à des teintes douces,
